. Calculate k(g).
-3
Let v be -1*(-3)/(15/10). Let n(h) = -3 + 2*h**v + 0*h**2 - 12*h + 8*h - h**2. Determine n(6).
9
Let h(b) be the second derivative of -b**5/20 - 3*b**4/4 - 7*b**3/6 - 3*b**2 - 109*b. Determine h(-8).
-14
Let v(r) be the second derivative of -7*r**3/6 + 5*r**2/2 - 6*r. Let i(z) = 6*z - 4. Let n(g) = -3*i(g) - 2*v(g). What is n(2)?
-6
Let j(q) = -q**3 + 13*q**2 + 14*q + 1. Let f be j(14). Let c(v) = 12*v**3 + v**2 - v. Determine c(f).
12
Let f(d) = 5*d**2 + 5*d + 6. Let r be f(-4). Let n = -65 + r. Let p(z) = -7*z**2 - 2*z + 1. Calculate p(n).
-8
Let i(f) = f**2 - 14*f - 318. Let h be i(-12). Let m(v) = -v**3 + v**2 - v - 1. Let j(x) = -6*x**3 - x**2 - 2*x + 1. Let u(z) = -j(z) + 5*m(z). Calculate u(h).
12
Let c = 10 + -10. Suppose -4*x + 5*x - 3 = 0. Let d(a) = 2*a**3 - 2*a**x + a**3 - 2 + a. Give d(c).
-2
Let i(v) = -v. Let r(o) = 6*o + 17. Let s(g) = 3*i(g) + r(g). Give s(0).
17
Let u be 3/1*1*2. Let f(d) be the third derivative of -d**5/60 + d**4/4 + d**3/3 - 1238*d**2. Give f(u).
2
Suppose -b + 3*b - 12 = 0. Let k(t) = 48*t - 50*t + 51 - 49. Give k(b).
-10
Let f be 6*8/36*-3. Let i(w) = -7*w + 4. Determine i(f).
32
Let o(r) be the first derivative of 3 + 0*r + 3/2*r**2 - 1/4*r**4 + 2/3*r**3. Calculate o(-2).
10
Let y(n) be the second derivative of n**4/12 + 5*n**3/6 + n**2/2 - 2*n. Let p be 6*(-4)/24*6/1. Determine y(p).
7
Suppose -2*s = 4*p + 8, 5*s - s = 5*p - 16. Suppose 10*r - 12*r - 10 = p. Let g(b) = b + 1. Determine g(r).
-4
Suppose -h - 4*h + 6 = -4*s, 3*h = 3*s + 6. Let v(m) = 1 + 1539*m**2 - 1 - 1538*m**2 - m - 1. Let o(p) = -4*p**2 - 1. Let y(w) = -o(w) - v(w). Determine y(h).
12
Let t(g) = 29*g**3 - 2*g**2 - 11*g. Let z(o) = 289 + 5*o + o**2 - 14*o**3 - 289. Let u(y) = 6*t(y) + 13*z(y). Give u(1).
-8
Let b(t) be the third derivative of -t**7/2520 + t**6/120 + t**5/24 - 5*t**4/24 + 15*t**2. Let r(y) be the second derivative of b(y). Determine r(6).
5
Let b(t) = -15*t**3 + 2*t**2 - 13*t + 6. Let m(p) = -7*p**3 + p**2 - 6*p + 3. Let i(r) = 6*b(r) - 13*m(r). Let j be -2 + (19/4 - (-15)/60). What is i(j)?
15
Suppose -12 = -4*l + 4*q, l = q + 2*q + 5. Let y(s) be the first derivative of -3/2*s**2 + 4/3*s**3 - 10 + s - 3/4*s**4. Determine y(l).
-13
Let j(v) = v**3 - 2*v + 1. Let h(t) = 3*t**3 - 4*t**2 - 15*t + 3. Let c(b) = -h(b) + 4*j(b). Calculate c(-2).
-5
Let r(j) = j - 15. Suppose -4*t + 71 - 35 = 0. Let q(i) = 5*i - 60. Let y(x) = t*r(x) - 2*q(x). What is y(-8)?
-7
Let v(l) = l**2 - 26*l + 3. Let w be v(3). Let k = 65 + w. Let q(a) = 9*a**2 + 2*a + 1. What is q(k)?
8
Let k be (2/3)/(1/18). Suppose 7 = -3*z + 1, -x - 4*z = k. Let q(g) = -g**2 - 6*g + 1. Determine q(x).
9
Let f(p) = -8*p + 1. Let o(x) = -9*x + 1. Let k(i) = -4*f(i) + 5*o(i). Suppose 2*s + 5 = -5*d + 31, d = -4*s + 16. Suppose -d*c + 7 = 3*c. What is k(c)?
-12
Suppose -11*v - 1 = 2*d - 14*v, 3*d - 4*v = -1. Let x(g) = -27*g + 1. Calculate x(d).
-26
Let j = -14 + 9. Let d(v) be the first derivative of v**5/20 + 5*v**4/12 + v**3/6 - 2*v**2 - 7*v + 7. Let w(s) be the first derivative of d(s). Calculate w(j).
-9
Let r(a) = 20*a**3 - 3*a**3 + 0*a + 1 + a**2 - a. Let d(b) = b**3 - 11*b**2 + 10*b + 1. Suppose -p + 29 + 14 = 4*c, 0 = 2*p - 6. Let x be d(c). What is r(x)?
18
Let m be ((-15)/(-12))/(1/24). Suppose 4*z - m = -z. Let r(w) = -2*w**2 - 74 - 5*w + 3*w**2 + 80. What is r(z)?
12
Let k(m) be the third derivative of m**5/60 - m**4/12 + 4*m**3/3 + 469*m**2. Calculate k(6).
32
Suppose 49*r = -26*r - 300. Let o(c) = 5*c**3 + 8*c**2 - 4*c + 5. Let m be 1/(-3)*(1 + 2). Let k(s) = -s**3 - s**2 + s. Let l(x) = m*o(x) - 4*k(x). Give l(r).
-5
Let g(t) be the second derivative of -t**5/20 - t**4/3 + t**3 - 3*t**2/2 + 7*t. Give g(-5).
-8
Let n(g) = -2*g + 7. Let t be n(0). Suppose 3*o - 19 = -t. Let r(p) = 0*p - 3*p + 2 + o*p + p**3 - 4*p**2. What is r(4)?
6
Let c(x) = 14 - 7*x - 7 + 2*x**2 + 0*x**2 - 5. Determine c(6).
32
Let b be 2*4/2 - 31. Let u = b + 31. Let k(d) = -d**3 + 4*d**2 + 2*d - 4. Calculate k(u).
4
Let d(t) = 3*t**3 - 5*t - 2*t**3 - 11 + 3 + 5*t**2. Let f be (-24)/(-2)*(-6)/12. Calculate d(f).
-14
Let s(k) = -1. Let f(v) = v + 25. Let d(y) = -f(y) - s(y). What is d(-11)?
-13
Let d(b) be the third derivative of -b**4/12 - 4*b**3/3 - 76*b**2. Give d(-9).
10
Let x(r) = 959*r - 1925*r - 17 + 963*r. Calculate x(-9).
10
Suppose 5*n + 5*y = 60, n = -n + y + 30. Suppose -5*a = -n - 6. Let x = 8 - a. Let q(p) = -p + 1. Give q(x).
-3
Let w(n) = -n**3 - n**2 - 10*n + 7. Let d(z) = z**3 + 2*z**2 + 9*z - 6. Let y(q) = 5*d(q) + 4*w(q). Let b(k) = 7 + k - 2 - 2. Let g be b(-8). What is y(g)?
-2
Let u(c) = c**3 + 18*c**2 - 14*c + 6. Let o(d) = d**3 + 16*d**2 - 13*d + 7. Let q(b) = -4*o(b) + 3*u(b). Determine q(-11).
1
Suppose 0 = 2*n + f - 2*f - 30, 10 = n + 2*f. Let z(y) = -15 + y**2 + n + y**2 + 7*y. Determine z(-5).
14
Let v(u) be the second derivative of 5*u**3/6 + u**2 - 8*u + 5. Give v(-1).
-3
Suppose 3*w - 18 = -2*o, -w = 4*o + 4*w - 34. Suppose -31 = -5*f - o. Let d(i) = -i - 5. What is d(f)?
-10
Let g(a) = -a**3 + 8*a**2 + 11*a - 13. Let c be -17 - -24 - 5/(15/(-6)). Give g(c).
5
Let d(t) = t**3 + 7*t**2 - t - 9. Suppose -10*f + 5*f + 25 = 0. Suppose 60 = -f*j - 5*a, -21 = 2*j + 4*a + 13. Give d(j).
-2
Let u(n) = -n**3 + 6*n**2 + 4*n - 6. Let t = 352 - 347. Calculate u(t).
39
Let x(h) = -2*h + 2. Let d(n) = 2*n - 2. Let w(a) = -3*d(a) - 2*x(a). Determine w(7).
-12
Let a be (0 - (-3 - -2))*2. Let x(b) = 6*b - b - b**2 + 1 + 2*b**2 - a*b**2. Suppose 0 = 3*c + 4*s - 9*s - 32, -s = 4*c - 12. What is x(c)?
5
Let y(b) = 7*b. Let h(v) = 3*v. Let c(g) = 11*h(g) - 4*y(g). Give c(-4).
-20
Suppose -4*l + 200 = 6*l. Let g be (l/3 + -2)/((-2)/3). Let f(c) = c + 14. Calculate f(g).
7
Let y be 4/30 - 10/75. Suppose y = 2*c + 4 + 6. Let l(h) = -h**2 - 3*h + 6. Calculate l(c).
-4
Let y be (-8 + 6)/((-2)/28). Let f(r) = -91*r + 28. Let j(w) = -10*w + 3. Let z(a) = y*j(a) - 3*f(a). Give z(1).
-7
Let a(g) be the first derivative of g**3/3 + 4*g**2 - 12*g + 96. Give a(-9).
-3
Let y(p) be the third derivative of -p**4/24 - 2*p**3/3 + 331*p**2. What is y(-5)?
1
Let y(t) = t**3 - 4*t**2 - 8*t + 31. Let d be y(4). Let n(p) = -19*p**2 - 1. Determine n(d).
-20
Let r(i) = -i**3 + 2*i**2 + 7*i - 3. Let x(z) = z**3 - z**2 - 9*z + 2. Let h(v) = 4*r(v) + 3*x(v). What is h(5)?
-1
Let l(c) = -2*c + 1. Let r(h) = -3*h + 2. Let u(d) = -d. Let a be (-220)/(-50) + (-4)/10. Let o(b) = a*u(b) - r(b). Let x be o(0). Calculate l(x).
5
Let g(r) = r**2 - 6*r + 9. Suppose -7*s = -7 - 28. Suppose -2*a + 17 = s. Determine g(a).
9
Let t(x) = 6*x + 5. Let u(n) = 7*n + 5. Let k(z) = z + 4. Let q be k(2). Let m(l) = q*t(l) - 5*u(l). Determine m(-10).
-5
Let z(t) be the third derivative of -t**5/60 + t**4/6 - t**2. Let x(u) = 15*u**2 + 16*u + 5. Let m be x(-1). Calculate z(m).
0
Let t = -70 - -82. Suppose -t*k + 6*k = 0. Let l(s) = -s**3 - s**2 - s + 7. Determine l(k).
7
Let k(f) = f - 15. Suppose -23*d - 286 = 3*d. Determine k(d).
-26
Let h(k) = 2*k - 1. Let c(d) = 11*d - 17. Let j(x) = c(x) - 6*h(x). Give j(-14).
3
Let d = 55 - 52. Let z(l) = l + 7. Let t be z(-5). Let i(a) = 0 + 3*a - 2 - 3*a**t + 0. Determine i(d).
-20
Let i(w) be the first derivative of -3*w**3 + w**2 + 163. Determine i(-1).
-11
Let f(c) = -4 - 5*c - 2*c**2 - 3*c**2 + 6*c**2. Give f(5).
-4
Let b(v) be the first derivative of -5*v**2 - 3*v + 81. What is b(-2)?
17
Let c(m) = -2*m - 9. Let f(x) = x**2 + 2*x + 7. Let l(j) = -3*c(j) - 4*f(j). What is l(-2)?
-13
Let g be (1 - 4) + -1 + 40. Let q = -16 + g. Suppose -3*v + 4*l = -q, -20 = 3*v + 5*l - l. Let d(j) = -j**3 - j**2 - j + 11. What is d(v)?
11
Let s(d) = d**3 - 2*d**2 - d + 4. Let n be -1 - (-6 - -3) - 3/(-3). Calculate s(n).
10
Let m(u) = 29*u + 1. Let p(z) = -26*z + 1. Let d(w) = 3*m(w) + 4*p(w). Give d(-3).
58
Let t(q) = -q**2 + 61*q - 516. Let v be t(10). Let y(g) = 5 + 4*g**2 - 3*g**2 + 6*g - 2. What is y(v)?
3
Suppose 5*c = 4*m + 18, -10 = 4*c - 8*c + m. Let j(i) = 8*i - i - i**2 - 1 - c*i + 3. Determine j(5).
2
Let q(d) = -d - 6. Let g(y) = -3*y - 24. Suppose -18 + 28 = 5*m. Let k(u) = m*g(u) - 9*q(u). Calculate k(-4).
-6
Suppose -z = -5*g + 21 - 6, 0 = 3*z - 2*g + 6. Let k(i) = -35*i + 34*i - 7 + z + 1. Give k(-7).
1
Let u(i) = -i**2 - 8*i + 11. Suppose 5*q = 4*p +